
Let p(n) = 1022 - n**3 + 141 - 60 - n + 14. Is p(0) a prime number?
True
Let u be (1 + -3)*39/(-26). Suppose 4*c + 54 = u*m - 0*m, -m = 3*c - 5. Is 4/14 + 3594/m a composite number?
False
Suppose 0 = 4*v + 2*i - i, 0 = -2*i. Let r be v*(-3)/(-6) + 3. Suppose -4*c + 31 = -r*c. Is c a prime number?
True
Suppose 26*s - 144118 = 11388. Is s a prime number?
True
Suppose -9*w = 11259 - 33174. Is w a prime number?
False
Let m(p) = -p**2 + 8*p - 7. Let r be m(9). Let h be ((-5)/(-2))/((-20)/r). Is 3/h*1308/18 a composite number?
False
Let v(u) = u**2 - 8*u + 8. Let m be v(5). Let a(k) = 9*k - 2 - 2*k**2 + 1 + 4 - k**3. Is a(m) composite?
True
Let a(o) = 520*o**3 - o**2 - o + 3. Is a(1) composite?
False
Let a = -6853 - -24670. Is a prime?
False
Suppose -3*q - 5*c = -43, 0 = 2*q - 3*c - 40 - 14. Is (-2)/3*q/14*-853 composite?
False
Suppose 3*w = 4*w + 2. Let k be 1*0/w - 0. Suppose k = -x - 2*r + 8, r = -2 - 1. Is x a prime number?
False
Let l be (6/(-4))/(3/(-27596)). Suppose p + l = 5*d, -4*p + 0*p - 12 = 0. Is d a composite number?
True
Let h be 0*3/9 + 2. Let l(z) = 0*z**h - 6*z**2 + 3*z**2 + 9 - 4*z - z**3 + 2*z**3. Is l(6) a prime number?
False
Let s(t) be the first derivative of -9*t - 1 - 5*t**2 - t**3 - 1/4*t**4. Is s(-7) composite?
False
Let h = 551 + 2440. Is h a composite number?
True
Let v be ((-120)/(-35))/((-2)/14). Let n = -30 - v. Let m(f) = f**3 + 8*f**2 + 5*f + 4. Is m(n) composite?
True
Let k(a) = a**2 + 14*a - 31. Let p be k(-16). Is p - (-710 + 6/3) composite?
False
Let p(c) = 431*c + 27. Is p(5) composite?
True
Suppose 5*b + x - 4159 = 2045, -2*b + 5*x + 2487 = 0. Is b composite?
True
Is ((-708)/(-36))/(2/1266) a composite number?
True
Let j(k) be the first derivative of 8*k**3 - 11*k**2/2 + 2*k - 6. Is j(9) composite?
False
Suppose 0 = 3*s + 12 - 36. Suppose s*l - 7*l = 113. Is l composite?
False
Let u = 7812 - -283. Is u a prime number?
False
Suppose -33 = -2*o - 0*o + 5*q, 3*o - 3*q = 27. Suppose -3*y = -5*i + 1023 - 263, -o*i = 4*y - 576. Is i a prime number?
True
Let i be 10/5 - (1 - -2). Is 103 + 0 + (i - -1) composite?
False
Suppose 3*j + j - 28 = -3*x, 5*x = -4*j + 28. Suppose -4*k - 22 + 2 = -2*s, s + 5*k - 31 = 0. Suppose -h - 4*y = j, -2*h + s = y + y. Is h a prime number?
True
Let r = -18 + 21. Suppose -3*x - 6 = 0, 4*q + r*x = -q + 2799. Suppose 0 = -3*u + 4*s + q, -2*u + 2*s + 374 = 3*s. Is u composite?
True
Let h be 1*5*(-2)/(-2). Suppose -3*b = -h*a + 2*b + 1265, 3*a + 2*b = 784. Suppose -v = -3*v + a. Is v a composite number?
True
Suppose 5*i + i = 30. Let z(x) = 7*x**3 - 6*x**2 - 4*x + 1. Is z(i) a composite number?
True
Suppose 3*g - 5 = -4*h, -2*h + 4 = -5*g + 47. Suppose -g = 4*v - 3*m, m + 2 - 7 = 0. Suppose 2*k + 2*k - 161 = -z, -z + v*k = -185. Is z a composite number?
True
Let b = 19 + -13. Is (-2 - 0) + 1638/b a prime number?
True
Let r = -29796 - -60887. Is r a composite number?
False
Let t(s) = 42*s**2 + 12*s + 1. Is t(13) composite?
True
Suppose f + 3987 = 2*f - 5*u, f + u = 3999. Is f composite?
True
Is -3389*2*(9/(-6) + 1) a composite number?
False
Suppose -11 = -2*n - 3*f - 1, -4*n + 16 = 4*f. Suppose -c = -1, -n*c - 3381 = -2*i - 5*c. Suppose -2*t - t + i = 0. Is t a composite number?
False
Let h(d) = d**2 + 17*d + 52. Let t be h(-12). Is 2/1 - 6232/t a prime number?
False
Suppose 0 = 4*u - 5*y + 1 - 4, 0 = u + 4*y - 6. Suppose -2*s = -s - 2, 0 = 4*q + u*s - 392. Is q prime?
True
Let r(p) = 30*p**2 - 16*p - 8. Let f be r(-6). Suppose -2*z = 0, 5*h - f - 897 = -5*z. Is h a composite number?
True
Suppose -2*c - 19 = 5*j, 3*j + 24 = -5*c + 5. Let g be -2*1*(-2)/c. Is 83*(g + 1 + 2) a prime number?
True
Let m(o) = -47*o - 6. Let c be m(-6). Suppose w - c = 101. Is w composite?
True
Let g = 30584 - -719. Is g a prime number?
False
Let l be 939/15 + 8/20. Let p be (24/(-14))/((-18)/l). Let z(k) = 11*k - 4. Is z(p) prime?
False
Let y(p) = 7*p - 22. Let n be y(5). Let r = n + 21. Is r a prime number?
False
Let x(r) = -r**3 - 13*r**2 - 16*r + 27. Is x(-13) a prime number?
False
Suppose 12*c + 2*c = -336. Is (-1)/((-1547)/(-2068) + 18/c) a prime number?
False
Let z = 5969 + -460. Is z composite?
True
Suppose -2*v + 6 = -5*q - 5*v, 3*q + 2 = -v. Suppose -2*c + 2831 + 2043 = q. Is c a prime number?
True
Let b(v) = 4*v**2 - 9*v - 6. Let n = 12 - 12. Suppose 4*l = 5*l - 3*h + 1, n = 2*h + 4. Is b(l) prime?
False
Let c(t) = -t - 4. Let w be c(6). Let i(p) = p**3 + 9*p**2 + 7*p - 2. Let o be i(w). Let h = o - -317. Is h prime?
False
Let y be (36/10)/(10/25). Let v(g) = -12 - y + 2 - 76*g. Is v(-6) composite?
True
Let j(u) = 2*u**3 + 4*u**2 - u - 1. Let z be j(-3). Is 58*2 + z/16 a prime number?
False
Let m = 11369 + -7698. Is m/(1*(-4 + 5)) a composite number?
False
Suppose 2*v + 60459 = 3*c, -c - 4*c + 100765 = -3*v. Is c composite?
True
Let m be 39/(6*(-3)/(-372)). Suppose 2121 - m = 5*t. Is t a prime number?
True
Suppose -y + 427 = -124. Let n = y - 220. Is n composite?
False
Suppose 4 = -n + 4*f + 1, -3*n + 5*f + 5 = 0. Let d(a) = -a - 1. Let m be d(5). Is 381/m*(-10)/n composite?
False
Suppose 5*z + 125 = i, -2*z = -3*i - 7*z + 375. Suppose -33 - i = -2*v. Is v prime?
True
Let p = 6387 + 3476. Is p prime?
False
Suppose 156024 = 4*g - 3*x, 3*g = -2*x - 20801 + 137802. Is g prime?
False
Is -8*(-11)/88*42866/2 a composite number?
False
Let t(f) = -262*f**2 + 2*f - 11. Let p(r) = -2*r**2 - 8*r + 2. Let w be p(-5). Let k be t(w). Is k/(-45) + (-6)/27 a composite number?
False
Suppose -18*n + 7508 = -14*n. Suppose n + 444 = 11*y. Is y prime?
True
Suppose 4*j - 4946 = -5*l, -2968 = -3*l + j - 3*j. Let n = l - 101. Is n composite?
True
Let m = 23028 + -8767. Is m prime?
False
Suppose -4*g + 3*v = -2*g - 15, -5*g + 5*v + 25 = 0. Suppose g = -h - 2*z + 207, 0 = -0*h - 3*h - 3*z + 612. Is h a prime number?
False
Suppose -5*u + 8396 = -u. Is u a prime number?
True
Let z(u) = 229*u**2 - 72*u + 54. Is z(11) prime?
False
Suppose 3*o - 2*g - 29 = 0, 6 + 10 = 2*o - 2*g. Let c = -11 + o. Suppose 0 = -c*q - h + 16 + 149, 4*q + 5*h - 333 = 0. Is q a prime number?
False
Let m(i) = 10*i**2 - 6*i + 10. Suppose 0 = -4*t + 3*c + 1, 5*t - 5*c + 4 + 1 = 0. Is m(t) prime?
False
Let w = 12671 - 3058. Is w composite?
False
Suppose 2*t = -3*b - 2*b + 6126, 2*t - 3*b - 6094 = 0. Is t a composite number?
True
Let y(a) = a + 12. Let b be y(-5). Suppose 0 = l + 4 - b. Suppose 0*i + i + t - 196 = 0, l*t = -i + 206. Is i prime?
True
Suppose 0 - 1 = -y, 4*y - 20592 = -4*o. Is o prime?
True
Let z = 193787 - 125280. Is z composite?
False
Suppose 2*o = 7*o - 20. Let s be 226/o + (-10)/20. Suppose 4*x = -4 - 0, 3*x - s = -a. Is a a composite number?
False
Suppose 3*w = -6*m + 2*m + 10, -3*w + 2 = -4*m. Suppose -3*n + 1353 = -2*y, 734 + 1505 = 5*n + w*y. Is n a composite number?
False
Suppose -m - 35422 = -2*m - 3*z, -2*m + 2*z = -70820. Is m prime?
False
Is ((-38)/(-76))/(1/76022) a prime number?
True
Let z be 8/3 + 24/(-36). Suppose 0 = -z*o - 2*o + 100. Is o prime?
False
Let d(h) be the second derivative of 6*h**4 + 4*h**3/3 - 19*h**2/2 + 2*h + 11. Is d(4) prime?
False
Let k = 35 + -32. Suppose -4028 - 2268 = -5*h - l, 0 = k*h + 3*l - 3780. Is h a composite number?
False
Let i be (-80070)/(-50) - -3*2/10. Suppose 4*g - 16446 = c, g + 3*c = 2503 + i. Is g composite?
False
Let p(w) = 4*w - 2. Let a be p(2). Let h = -2 + a. Is ((-230)/(-4))/(2/h) prime?
False
Let i = -23 + 32. Let h be 2*i/12*2. Suppose -h*j = -4487 + 1502. Is j a prime number?
False
Is (27781 - (-7 + 2)) + (1 - 2) a prime number?
False
Suppose -5*i + 51000 = -51815. Is i a prime number?
True
Let u be (2/2)/(4/280). Let p = 27 - u. Let g = 74 + p. Is g composite?
False
Let g(s) = -s**3 + 9*s**2 - 8*s - 1. Let i be g(8). Let t be -1*(-12)/(5 + i). Suppose 127 = 4*r - t*r. Is r prime?
True
Let c(m) = 0*m**2 + 2*m + 6 - 3*m**2 + 7*m**2 + 6*m**2. Is c(-4) a composite number?
True
Suppose -2*f + 4*f - 8 = 0. Suppose 0 = -g, -2*g + f*g = -b + 641. Is b composite?
False
Let n(t) = 41*t + 2. Let x(z) = -z**2 + 1. Let g(c) = -n(c) + 5*x(c). Is g(-6) a prime number?
False
Is (5038/(-10) - 7)*(-5)/2 composite?
False
Suppose 4*t - 5159 + 1459 = 0. Let b = -630 + t. Is b composite?
True
Suppose w - 4 = -3*q, 0 = 2*q - w + 4. Let j(z) = 2*z + q - z - 7. Is j(9) a prime number?
True
Let r(j) =